ermine l(115).
2
Let b(r) = -442*r - 3594. What is b(-9)?
384
Let m(r) = 14362*r - 43105. Give m(3).
-19
Let r(x) = -2*x**3 + 1064*x**2 - 1088*x + 13839. Give r(531).
33
Let g(n) = 167*n**2 + 2754*n + 168. Calculate g(-16).
-1144
Let i(f) = -5647*f + 282356. Calculate i(50).
6
Let u(g) = 728489*g - 5099444. Calculate u(7).
-21
Let s(f) = -84813*f - 254589. Give s(-3).
-150
Let t(g) = 972*g - 38781. Calculate t(40).
99
Let t(m) = -m**2 - 15059*m - 645693. Calculate t(-43).
-5
Let d(y) = -25*y**2 + 10*y + 163. Determine d(3).
-32
Let v(c) = -10*c**3 + 10492*c**2 - 2095*c - 3154. What is v(1049)?
-7
Let z(j) = -j**3 + 20*j**2 + 105*j - 86. Determine z(24).
130
Let n(u) = 4776*u - 4326. Determine n(1).
450
Let u(q) = -21*q - 1657. Give u(-96).
359
Let d(v) = v**2 + 40235*v - 603744. Determine d(15).
6
Let c(k) = -1522*k + 1421548. What is c(934)?
0
Let r(b) = 23*b**2 - 28022*b - 168956. What is r(-6)?
4
Let s(i) = i**2 + 10505*i + 491530. Determine s(-47).
4
Let v(a) = -a**2 + 267*a - 13670. Calculate v(71).
246
Let w(i) = -2037624*i - 6112872. What is w(-3)?
0
Let c(o) = 17*o**2 + 1539*o + 677. What is c(-90)?
-133
Let v(u) = 189*u + 5686. Determine v(-25).
961
Let y(o) = -146*o - 6060. Determine y(-42).
72
Let i(l) = 76*l**2 + 67*l + 72. Give i(-1).
81
Let n(b) = b**3 + 55*b**2 + 250*b - 116. Determine n(-50).
-116
Let f(g) = -51*g**2 + 904*g - 3771. What is f(12)?
-267
Let z(n) = 11696*n + 280626. Determine z(-24).
-78
Let g(o) = 3*o**3 - 58*o**2 + 133*o + 124. Calculate g(17).
362
Let k(f) = 2*f**3 - 95*f**2 - 629*f - 58. Determine k(-8).
-2130
Let t(l) = -9*l**2 - 409*l - 2683. Determine t(-8).
13
Let s(n) = n**2 - 17604*n - 22364869. Calculate s(-1190).
-9
Let y(j) = 2*j**3 + 11*j**2 + 156*j + 984. What is y(-6)?
12
Let g(i) = -90*i**2 + 1164*i + 2. Give g(0).
2
Let o(s) = 7998*s - 351918. What is o(44)?
-6
Let z(x) = -4*x**2 + 105*x + 4420. Determine z(-24).
-404
Let t(c) = c**3 - 35*c**2 + 288*c + 273. Determine t(19).
-31
Let s(c) = -385*c + 49288. Determine s(128).
8
Let o(y) = -5*y**3 - 2188*y**2 - 44923*y + 2082. Determine o(-416).
2
Let h(p) = -p**3 - 2*p**2 + 281*p - 2504. What is h(9)?
-866
Let j(s) = -s**3 - 148*s**2 - 33*s - 4866. Give j(-148).
18
Let j(o) = -o**3 - 55*o**2 - 638*o - 22137. What is j(-51)?
-3
Let l(m) = -70*m - 1195. Give l(-12).
-355
Let g(c) = -1312*c**2 + 13125*c - 16. What is g(10)?
34
Let f(k) = -2712*k - 3155. Calculate f(-1).
-443
Let v(w) = -2410*w + 16966. Calculate v(7).
96
Let m(p) = -3*p**3 + 412*p**2 + 222*p + 7253. Determine m(138).
-199
Let w(k) = 16970*k - 87311. What is w(5)?
-2461
Let j(o) = 9875*o**2 - 79006*o + 35. Determine j(8).
-13
Let s(x) = 857*x + 240008. What is s(-280)?
48
Let i(t) = 131372*t - 263286. What is i(2)?
-542
Let h(c) = 4*c**3 - 53*c**2 - 497*c + 5318. Calculate h(8).
-2
Let w(a) = a**3 - 1905*a**2 - 9566*a - 56. What is w(-5)?
24
Let h(m) = -183*m - 11441. Calculate h(-62).
-95
Let v(u) = 110376*u - 1545406. Give v(14).
-142
Let n(y) = 2308*y - 126878. Give n(55).
62
Let h(l) = 132*l - 228. Calculate h(3).
168
Let v(w) = -380*w + 76014. Give v(200).
14
Let o(i) = -i**3 - 24*i**2 - 108*i + 161. Give o(-8).
1
Let t(d) = -13430*d - 134284. What is t(-10)?
16
Let z(f) = -f**3 - 1033*f**2 - 38763*f - 82. Give z(-39).
-199
Let x(h) = 424871*h - 13595875. Calculate x(32).
-3
Let l(p) = -99*p**2 - 987*p - 30. Give l(-11).
-1152
Let a(t) = -2*t**2 + 119*t + 370. Calculate a(29).
2139
Let n(v) = -141*v**2 + 2954*v + 251. Calculate n(21).
104
Let c(i) = 1376*i - 454202. Calculate c(330).
-122
Let q(s) = -s**3 + 254*s**2 - 15394*s - 1001. Determine q(154).
-77
Let q(u) = u**3 + 1394*u**2 + 8325*u - 4165. Calculate q(-1388).
-1
Let d(n) = -59460*n + 416224. Determine d(7).
4
Let j(l) = 58*l**3 + 64*l**2 - 4*l - 4. Determine j(-1).
6
Let x(t) = 1666340*t - 4998997. What is x(3)?
23
Let d(p) = 3*p**3 + 20*p**2 - 35*p - 416. Determine d(-8).
-392
Let n(s) = -15939*s - 6853780. Give n(-430).
-10
Let d(j) = -j**2 + 2310*j - 16126. What is d(7)?
-5
Let o(b) = 56*b**2 + 185*b + 46. Calculate o(-4).
202
Let w(m) = 2*m**2 + 219*m - 2178. Determine w(13).
1007
Let s(n) = 1017*n - 22405. What is s(22)?
-31
Let j(w) = 2657*w - 127530. Determine j(48).
6
Let z(w) = 35672*w - 2639718. Determine z(74).
10
Let h(t) = -119*t**2 + 85*t + 249. Give h(-3).
-1077
Let g(w) = -1781*w + 7089. Determine g(4).
-35
Let y(q) = -q**3 - 331*q**2 - 1950*q - 188. Give y(-325).
-188
Let k(p) = -453*p - 43408. Determine k(-96).
80
Let a(b) = -2*b**3 - 369*b**2 - 90*b + 17261. Calculate a(-184).
-35
Let f(a) = 350*a + 74529. Determine f(-215).
-721
Let f(r) = -8*r**2 - 64*r - 87. Determine f(-16).
-1111
Let f(z) = 13746*z + 315884. Determine f(-23).
-274
Let u(j) = 9*j**3 - 1408*j**2 + 608*j + 2487. What is u(156)?
-9
Let g(x) = -541*x - 2267. Give g(-5).
438
Let q(l) = 550*l - 8467. Determine q(15).
-217
Let m(u) = u**3 - 151*u**2 + 5349*u + 58. Determine m(94).
-788
Let c(v) = 7092*v + 127654. Determine c(-18).
-2
Let j(m) = -394*m**2 + 52*m + 3. Give j(-2).
-1677
Let o(q) = -19261*q + 173341. Give o(9).
-8
Let r(h) = -h**3 + h**2 - 33*h + 247. What is r(0)?
247
Let r(m) = 734*m - 166959. Calculate r(227).
-341
Let c(u) = 3*u**3 - 871*u**2 - 2343*u - 273. What is c(293)?
20
Let o(q) = 12*q**2 + 1102*q + 3287. Calculate o(-3).
89
Let z(p) = -p**2 + 2358*p + 33054. Calculate z(-14).
-154
Let g(u) = -19836*u + 535557. Give g(27).
-15
Let r(t) = -t**3 - 94*t**2 - 1174*t + 83. Calculate r(-79).
-786
Let p(z) = -851*z + 68968. Calculate p(82).
-814
Let x(r) = r**2 - 6172*r + 36805. Give x(6).
-191
Let k(a) = -577064*a + 4039451. Determine k(7).
3
Let v(z) = -2*z**2 - 23096*z - 184656. Calculate v(-8).
-16
Let f(x) = -3942*x + 86713. Give f(22).
-11
Let l(b) = -30*b**2 - 339*b - 878. Calculate l(-4).
-2
Let m(v) = v**3 - 18*v**2 + 30*v - 89. What is m(19)?
842
Let q(t) = -681*t - 9. What is q(0)?
-9
Let i(a) = -2*a**3 - 47*a**2 + 16562*a - 149. Give i(80).
11
Let m(x) = -833*x - 64993. Give m(-78).
-19
Let m(s) = -3*s**2 - 234*s - 3376. Determine m(-61).
-265
Let i(a) = -11665*a - 43163. Give i(-4).
3497
Let j(b) = 1549*b - 38693. Give j(25).
32
Let v(i) = -97*i + 3002. Calculate v(33).
-199
Let u(f) = 4*f**2 + 2175*f + 55789. What is u(-27)?
-20
Let w(a) = -37650*a**2 - 602398*a + 50. Give w(-16).
18
Let h(l) = 117074*l + 9951275. Calculate h(-85).
-15
Let v(z) = 310*z**2 - 12708*z - 44. Give v(41).
38
Let v(s) = 28*s**3 + 9*s**2 - 75*s + 183. Calculate v(3).
795
Let q(f) = -1234*f - 1096. Give q(-1).
138
Let b(s) = -7*s**3 + 305*s**2 + 816*s + 362. Give b(-2).
6
Let q(v) = -3177*v - 45706. Give q(-15).
1949
Let k(q) = -5*q**3 - 31*q**2 - 23*q + 7. Give k(-8).
767
Let x(w) = 23*w**2 - 2501*w - 30288. What is x(-11)?
6
Let q(f) = 3576*f - 364680. Determine q(102).
72
Let j(m) = -2*m**3 + 109*m**2 + 122*m - 9505. Determine j(54).
-1
Let x(m) = -2*m**3 - 309*m**2 + 443*m - 3935. Calculate x(-156).
-35
Let u(n) = 24251*n - 19546305. What is u(806)?
1
Let o(d) = 3665*d - 1784854. Give o(487).
1
Let j(r) = 9*r**3 + 37*r**2 - 71*r - 624. Give j(6).
2226
Let v(j) = -14*j**3 - 39*j**2 + 373*j + 781. Give v(-2).
-9
Let l(y) = -44*y**3 - y**2 - 4*y + 14. What is l(-3)?
1205
Let u(f) = f**3 + 118*f**2 - 1430*f - 1295. What is u(-129)?
124
Let v(q) = 7*q**2 - 200*q - 6153. Determine v(-26).
3779
Let t(v) = -361*v - 298182. Calculate t(-826).
4
Let b(g) = g**3 + 144*g**2 - 902*g - 294. What is b(-150)?
6
Let q(d) = 5*d**3 + 14*d**2 - 12*d - 7. What is q(4)?
489
Let t(y) = 10784*y + 15863265. Calculate t(-1471).
1
Let k(g) = 2*g**3 - 10*g**2 - 29006*g + 174042. Determine k(6).
78
Let r(i) = 9171*i - 45941. Calculate r(5).
-86
Let q(b) = -7*b**3 + 2155*b**2 + 342*b - 10461. Determine q(308).
11
Let t(y) = -820*y - 119520. Calculate t(-145).
-620
Let d(r) = -27*r**3 + 5*r**2 - 23*r - 28. What is d(4)?
-1768
Let z(l) = -130*l + 2471. What is z(17)?
261
Let r(t) = 42*t**3 + 651*t**2 - 339*t - 68. Calculate r(-16).
-20
Let f(i) = -3*i**2 - 2257*i + 346143. Determine f(-883).
7
Let q(r) = 350661*r + 350670. What is q(-1)?
9
Let m(t) = 3479*t + 330519. What is m(-95)?
14
Let s(w) = -11391544*w + 34174627. Determine s(3).
-5
Let u(b) = 136*b**3 - 692*b**2 - 22*b + 435. Give u(5).
25
Let k(s) = -11*s + 29. Calculate k(0).
29
Let a(s) = 2*s**3 